atest common divisor of g and 280.
40
Suppose 0 = -2*g + 15*g - 221. Let i(k) = k - 6. Let b be i(6). Suppose b = 5*r - 0*r - 680. Calculate the highest common factor of g and r.
17
Let t = 25 + 47. Suppose -q + 2*q + 3*l = 7, -3*l = 3. Suppose -7*k + q*k = 36. What is the greatest common factor of k and t?
12
Let u = 34 + -37. Let k be (-394)/(-3) + (-2)/u. Calculate the highest common divisor of 12 and k.
12
Let i(n) = -n**3 + 4*n**2 - n - 4. Let j be i(3). Let h be (27/j - 1)/(11/22). Calculate the greatest common divisor of 10 and h.
5
Suppose -2*v - 70 = -7*v. What is the greatest common factor of v and 4?
2
Suppose 3*n + 3 - 9 = 0. Let g(l) = 3 + n*l - 8 + 8 + 1. Let a be g(3). Calculate the highest common divisor of a and 2.
2
Let w = -1764 + 1788. Calculate the highest common divisor of 696 and w.
24
Let f be 7 - 4 - (2 + -1). Suppose -4*z = f*z - 72. Let t be z*(2 + 10/(-6)). What is the highest common factor of 44 and t?
4
Let z(t) = t**3 - 5*t**2 - 9*t - 3. Let b be z(8). Let i = 22 + -9. Calculate the greatest common factor of i and b.
13
Let y(k) = 18*k - 567. Let w be y(32). What is the greatest common factor of 4 and w?
1
Let r = 1410 + -1226. What is the highest common divisor of r and 69?
23
Suppose -633 = -3*z + 3*o, 2*o + 8 = 2. Let w be (5*(-1030)/(-25))/2. Let r = z - w. Calculate the highest common divisor of 15 and r.
15
Suppose 0 = 24*k + 21*k - 4095. What is the greatest common divisor of 39 and k?
13
Suppose 0 = -6*m + 27 + 21. Suppose -5*j + v + 356 = 0, 2*v - 16 = -2*v. What is the greatest common factor of j and m?
8
Suppose -5*j - 2*f + 1040 = 0, -22*f + 208 = j - 26*f. What is the greatest common factor of 336 and j?
16
Let i = 1474 + -1472. Suppose -2*u + 13 = -15. What is the highest common factor of i and u?
2
Suppose 242 = 145*m - 134*m. Calculate the highest common divisor of m and 913.
11
Let t be (12 - -1) + (-5 - -5). Let z be 213 + 4 - (-3)/1 - -1. Calculate the greatest common divisor of z and t.
13
Let v be 29/(5/4 + (-8 - -7)). What is the greatest common factor of 8 and v?
4
Let p be -7 - ((-156)/2 - 4). Calculate the greatest common factor of 1150 and p.
25
Let y = -11 + 25. Let u = -1583 - -1618. What is the highest common factor of u and y?
7
Let v(c) = -c**2 - 34*c - 116. Let r be v(-22). What is the greatest common divisor of 37 and r?
37
Let z be (36/4)/(3/4). Let f be (32/40)/(4/(-230)). Let v = f + 76. What is the greatest common divisor of z and v?
6
Let b = -26 - 34. Suppose 0 - 18 = o. Let s = o - b. What is the greatest common factor of 105 and s?
21
Let m = 1349 - 1181. Let p(v) = -v**3 + 6*v**2 - 4*v + 5. Let t be p(4). Calculate the highest common factor of m and t.
21
Let c be 1/2*-6 - -20. Let g = c - -2. Suppose 4*p = p + 228. What is the greatest common divisor of p and g?
19
Let u = 1834 + -778. Calculate the greatest common divisor of 8 and u.
8
Let p(y) = y**2 - 25. Let f be p(12). Suppose 0 = 3*j - 4*g - 0*g + 18, -j - 3*g = -7. Let z be 17/4*j*-2. What is the highest common divisor of f and z?
17
Suppose -2*u - 35 = o, u = 2*o + 3*u + 78. Let f = o - -44. Let q be 1/3 - 32/(-3). What is the greatest common factor of q and f?
1
Suppose 472 = 4*h + 3*c, 0 = -3*h + 4*c + 367 - 38. Let v = 6 - 2. Let f be (-15)/(20/v) - -26. What is the greatest common divisor of f and h?
23
Suppose 5*d = -2*p - 3*p - 385, -5*p = -15. Let j = 110 + d. Calculate the highest common factor of j and 30.
30
Let y be (-2)/2 + (7 - 1). Suppose -t - 24 = -y*t. Suppose -2*m + t = m. What is the greatest common factor of 16 and m?
2
Let s(b) = 18*b + 54. Let g be s(-5). Let v be 48/(-36)*(-2)/(-8)*g. Calculate the greatest common factor of 24 and v.
12
Let s = 20 - 23. Let t be (2 + -3)/(879/294 + s). Calculate the greatest common divisor of 14 and t.
14
Suppose -8*p + 3290 = -p. Calculate the greatest common factor of 10 and p.
10
Suppose 4*h - 2 = 6. Let v(u) = 6 + 10 - h*u**2 - u**3 - 8*u - 19. Let l be v(-5). What is the highest common divisor of l and 16?
16
Let r be (-6)/3 - -6 - 0/87. Calculate the highest common factor of r and 4.
4
Let n be (8 + -6)/((-4)/10). Let l be (-78)/n + 34/85. Suppose 0 = 5*j - 2*j - 384. Calculate the highest common factor of j and l.
16
Suppose -5*d + 0*u + 30 = 2*u, 3*u + 1 = 4*d. Let c be 1 - (-3)/(-1) - 34. Let q = -16 - c. What is the highest common divisor of d and q?
4
Let r(o) = 11*o**3 - o**2 + 7*o - 5. Let p be r(2). Calculate the highest common divisor of 124 and p.
31
Let t = -42 + 44. Suppose -4*j - 86 = -3*v, -t*v + 51 = v + 3*j. Calculate the greatest common factor of 66 and v.
22
Let n = 323 + -298. What is the highest common factor of n and 20?
5
Let n be 1/(4/(-50))*270/(-15). What is the highest common divisor of 18 and n?
9
Let d = -14 + 16. Let p be (-3 + d + 1)/(-1). Suppose 2*s + p*s - 60 = 0. Calculate the highest common divisor of s and 10.
10
Suppose 0 = -6*c + 28 + 44. Suppose f + 2*f = 3*z - c, 0 = -5*f. What is the greatest common divisor of 16 and z?
4
Let k(a) = a**2 + 40*a - 166. Let y be k(-45). Calculate the greatest common divisor of y and 472.
59
Suppose -28 = -a - 3*a. Let q be a/2*16/14. Suppose -10 = -q*p + 470. Calculate the highest common divisor of p and 48.
24
Suppose 4*n + o = 6, -6*n + 2*n = 2*o - 4. Suppose 4*i - q = -4*q + 192, -5*q + 96 = n*i. Calculate the greatest common factor of 36 and i.
12
Suppose -13*l + 5105 = -8*l - 2*a, 5125 = 5*l + 2*a. Calculate the highest common divisor of l and 11.
11
Let r(a) = -5*a + 12. Let i be r(0). Suppose 0 = 2*u - 4*u + i. Calculate the greatest common divisor of u and 12.
6
Let k(z) = -5*z**2 + 4*z + 3. Suppose 0 = r + 9 - 3. Let v be k(r). Let j = v - -344. What is the greatest common divisor of 13 and j?
13
Let m(o) = 2*o + 3. Let i be m(5). Let z(h) = 4*h**2 + 2*h - 32. Let q be z(5). Calculate the greatest common factor of i and q.
13
Let r = 34 - 32. Let o be 4 + (40 - (r - -2)). Calculate the greatest common divisor of 10 and o.
10
Let v(f) = 0 - 3*f + 5 + f**2 + 3. Let o be v(0). What is the greatest common factor of 72 and o?
8
Let d be (-2)/(-4) + (-43)/(-2). Let l = -17 + d. Suppose 0 = l*k - 7*k + 64. Calculate the greatest common factor of k and 80.
16
Let t be (4590/(-360))/(3/(-92)). What is the greatest common factor of t and 207?
23
Let d(k) = 4 + 2*k - 1 + 0. Let t be d(4). Let c(u) = 4*u**2 - u + 4. Let a be c(5). Calculate the highest common factor of a and t.
11
Let x(k) = -2*k**3 + 3*k**2. Let w be x(-3). Let a be 186/(-30) - -6 - 188/10. Let r = -10 - a. What is the greatest common divisor of w and r?
9
Let x(i) = 2*i**2 + 3*i - 2. Let m be x(0). Let k be 1 + (m - -3) + 15 + -2. Calculate the highest common divisor of k and 75.
15
Suppose -1537 = -20*t + 1623. Calculate the greatest common factor of t and 237.
79
Suppose -4*a = -5*g - 6 - 13, -14 = -5*a + 3*g. Let z be (-6 - 4)/5*26. Let o be a/(2 + 100/z). Calculate the greatest common divisor of 39 and o.
13
Let a = -552 + 959. Calculate the highest common factor of 11 and a.
11
Let u = 1348 + -501. What is the greatest common factor of u and 7?
7
Suppose 32 = l - 40. Let v = 28 - 94. Let w be (11/(v/(-96)))/(2/3). What is the highest common divisor of l and w?
24
Let p = 11 + -7. Suppose -s = 21 - 27. What is the highest common factor of p and s?
2
Let f(v) = v**3 + 18*v**2 + 63*v - 8. Let h be f(-8). What is the highest common divisor of h and 48?
16
Let o(p) = -21*p - 27. Let m be o(-3). Calculate the greatest common factor of 117 and m.
9
Suppose 0 = 5*v - 54 + 14. Let z(d) = -d**3 - 9*d**2 - 5*d + 7. Let l be z(-7). Let q be (8 - 2)*l/(-6). What is the greatest common divisor of v and q?
8
Suppose g + 43 = t, 4*t - 2*g = 160 + 16. Let v = 113 + -83. What is the highest common factor of t and v?
15
Suppose -2*w = -3*u + 2*w + 907, 289 = u + 2*w. Calculate the highest common factor of 11 and u.
11
Let x(h) = 5*h**2 + h - 1. Let g be x(2). Suppose 4*m + 0 - 7 = o, 0 = -2*m - 3*o + 21. Calculate the greatest common factor of g and m.
3
Let h(s) = -2*s**3 + s**2 - 4*s + 7. Let k be h(-3). Calculate the highest common factor of 1312 and k.
82
Suppose 0 = -16*a + 11*a + 360. Let h = a - 43. What is the greatest common factor of h and 58?
29
Let f(o) = 347*o**2 - 4*o + 2. Let s be f(1). Calculate the greatest